84 + 92. Determine o(-3).
15
Let z(g) be the third derivative of -g**2 - 1/6*g**4 + 0 + 0*g + 1/3*g**3. Let o(t) = -t**2 - 4*t + 7. Let p be o(-5). Calculate z(p).
-6
Let g(f) = 3 + 3 - 2 - 2 + f**2 - 3*f. Let o(z) = z**3 + 3*z**2 + z - 1 - z. Let s be o(-2). What is g(s)?
2
Suppose -5*o = a - 0 - 19, 16 = 5*o + 4*a. Let l(q) = -2*q - 3. Let r(k) = k + 2. Let b(w) = -4*l(w) - 7*r(w). Determine b(o).
2
Let n(y) be the third derivative of -y**5/120 - y**4/6 - y**3/2 - 3*y**2. Let s(l) be the first derivative of n(l). Calculate s(-6).
2
Let r = 2 - 1. Let m(c) = 0 - r - c**2 - 2 + c. Let j = -87 + 87. What is m(j)?
-3
Let m(r) = -12*r - 1. Let d = 53 + -52. Determine m(d).
-13
Let d(f) be the first derivative of -2 - 4/3*f**3 - 3*f - 3/2*f**2 - 1/4*f**4. What is d(-3)?
-3
Let y(q) be the second derivative of -q**4/12 + q**3 - q**2 + q. Let r be y(5). Let o(u) = -u**2 + u + 2. Calculate o(r).
-4
Let g(b) = b**3 + 9*b**2 + 9*b - 2. Let k be g(-8). Let n = k + 7. Let j(x) = x**3 + 2*x**2 - 2*x + 3. Give j(n).
0
Let y(i) = 3*i - 1. Suppose 0 = -4*n + 3*p - 27, -4*n - 2*p - 1 - 1 = 0. Let c be 1 + 1*n/(-3). Give y(c).
5
Let d be 0/((0 - 4) + 2). Let g(y) = -y**3 + y**2 + y + 8. Calculate g(d).
8
Let u(b) be the first derivative of 1/2*b**2 - 4*b + 2. Suppose 3*p - 4*p = 5*g + 5, -3*g - 2*p - 10 = 0. Calculate u(g).
-4
Let n be 1 - (3 + -3 + -2). Let r(p) = p**3 - 4*p**2 + 3*p - 4. Give r(n).
-4
Let x(u) be the third derivative of u**4/12 - u**3/3 - 2*u**2. Let j = 9 - -1. Let w = -7 + j. Give x(w).
4
Suppose -2*z = 11 - 61. Let j be 1*(z/(-5))/5. Let m(b) be the second derivative of 2*b**5/5 - b**3/3 - b**2/2 - b. What is m(j)?
-7
Let u(q) = -15*q**2 + 8 + 4*q**2 - 4*q**3 + 4*q**2 + q + 3*q**3. Calculate u(-7).
1
Let l(s) be the first derivative of s**2 + 2*s - 1. Let q = -98 - -95. What is l(q)?
-4
Let l(p) = -p + 2. Suppose 10*u - 20 = 5*u. Calculate l(u).
-2
Let t(o) be the third derivative of o**5/60 + o**4/8 + 5*o**3/6 + 22*o**2. What is t(-5)?
15
Suppose 6 = 2*v, 5*x + 2*v + 1 = 2. Let c(p) = p**3 - p**2 - p. Determine c(x).
-1
Let p(b) = -b - 1. Let y be (-54)/(-36) + 30/(-4). Give p(y).
5
Suppose 0 = -2*r - 5*j + 8, -3*r - 2*j - 5 = -3*j. Let v be 2 + 2*r/2. Let a(k) = -2*k**2. Give a(v).
-2
Let k(v) = v + 1. Let c(r) = 6*r**3 + r**2 - 5*r - 2. Let t(b) = c(b) + 3*k(b). Suppose 6 = 3*a + 3*d, -3*a - 4*d + 5 = -2*d. Calculate t(a).
6
Let r be (16/(-12))/(4/(-6)). Let z(c) = 3*c. Give z(r).
6
Let y(m) = 0 + 1 + m**3 - 3*m + 5*m**3 + 4*m. Suppose -2*z + 11 = -5*j + z, 4*j - 4 = -4*z. What is y(j)?
-6
Let g(f) be the first derivative of 4 + 0*f - 3/2*f**2 + 1/6*f**4 + 1/6*f**3. Let v(k) be the second derivative of g(k). Give v(-2).
-7
Let j(z) = 4*z + 1. Let h be j(1). Suppose 0*y - h*y = -15. Let i(x) = 1. Let b(l) = l**2 - 5*l + 5. Let n(m) = b(m) - 2*i(m). What is n(y)?
-3
Suppose 2 = -t - u, t - 2*t = -u - 8. Let b(m) = -2 + 8*m - 7*m - 2*m. Determine b(t).
-5
Let z(u) = 2*u**2 + 3*u - 3. Let y(g) = g**2 - g - 2. Let m be y(-2). Let t be (-1)/((-2)/2) - m. Give z(t).
6
Let x = -6 + 6. Let b(y) = 2 - 8 + x*y + 2*y. Give b(5).
4
Let o(h) be the first derivative of 7*h**4/4 + h**3/3 - h**2 + h + 2. Let n = 1 - 2. Let m = 2 + n. Determine o(m).
7
Let y(d) = d**2 + 4*d + 2. Suppose 4*f - 22 = -g, 3*g + 3 + 1 = 2*f. Suppose 4*o = f*o + 5, 28 = a - 5*o. Suppose -a*p - 10 = -p. What is y(p)?
7
Let t(m) = -m. Let d(c) = -c**2 - c + 7. Let r(l) = d(l) - 4*t(l). Give r(5).
-3
Suppose 5*u - 4*g + 7 = 0, 0 = -4*u - 2*g + 4*g - 8. Suppose -3*j + 3*t + 5 = j, -4*t = 3*j - 35. Let p(d) = -2 + j*d - 1 + 0 - 3*d. Determine p(u).
-9
Let o(b) be the first derivative of b**4/4 + b**3 + 5*b**2/2 + 4*b + 1. Give o(-3).
-11
Suppose -2*m = -5*i - 2, 2*m - 5 = -3*m - 2*i. Let w(v) = 4*v**3 + 2*v - 1. Calculate w(m).
5
Let r(h) = h**2 + h. Suppose 3*t + 1 + 5 = 0. Let w be r(t). Let c(s) = -s**2 + 2*s - 3. Calculate c(w).
-3
Suppose 0 = -3*r - 5 - 1. Let k(h) = 6*h**3 - 2*h**2 - 9*h + 2. Let z(q) = 5*q**3 - 2*q**2 - 8*q + 2. Let t(d) = -6*k(d) + 7*z(d). Calculate t(r).
6
Suppose 7*u = -15*u + 44. Let s(a) be the second derivative of -2*a**3/3 + a**2 - 2*a. Give s(u).
-6
Let n(s) be the first derivative of -s**3 + s - 1. Suppose -4*b = -14*b + 10. What is n(b)?
-2
Let o(b) = -3*b + 4 + 0 - 6. Suppose -2*k + 14 = 4*y, -3*y = -5*k + y - 35. Determine o(k).
7
Let l(y) = 8*y**3 - 2*y**2 + 2*y - 1. Suppose 8 = 2*h - 2. Let z = h + -8. Let b be (8/6)/(-4)*z. What is l(b)?
7
Let t be 1/(-7)*2*-7. Let k(p) = -12*p - 2. What is k(t)?
-26
Suppose -2*x + 2*z + 14 = 0, -2*x + 0 = 3*z + 11. Let v(f) = 3*f - 2*f - 5 + 2*f**2 - 9*f**x + f**3. Let n be v(7). Let d(i) = -3*i**2 + 4*i - 2. What is d(n)?
-6
Let s = 2 - 9. Let u(m) = 2*m + 1. Calculate u(s).
-13
Suppose -24 = -4*f - 4. Suppose f = -3*i - 1. Let t = 1 + i. Let j(c) = 6*c - 1. Determine j(t).
-7
Let m(c) = 3*c + 4 - 2 + 2*c + c**2. Suppose 0 = -0*t + 4*t + 48. Let y = 7 + t. Calculate m(y).
2
Let y(v) = 5*v**3 - v**2 + 2*v - 1. Let r(j) = j**3 + 5*j**2 - j - 4. Let o be r(-5). Let u be o*(-1)/5*-5. Determine y(u).
5
Let r(h) be the first derivative of -2 + 4*h - 1/2*h**2. Calculate r(4).
0
Let w(j) = -j**3 + 3*j**2 - 2. Let t be (-9)/6*(-2)/3. Let y be ((-3)/9)/(t/3). Let h be (-1*(0 - -3))/y. Calculate w(h).
-2
Let d(h) = 2*h**3 - 1. Let r be d(-1). Let u = 5 + r. Let a(y) = -u*y**3 + 4*y + 1 - 4 + 2*y**2 - y**2. What is a(2)?
-7
Let q(t) = -3*t**2 - 6*t + 1. Let y be q(-3). Let k(n) = -7*n + 3. Let l(m) = -3*m + 2. Let c(d) = 4*k(d) - 9*l(d). What is c(y)?
2
Let w(y) = -4*y. Suppose -35 = 4*m - 31. Determine w(m).
4
Let l = -11 + 15. Let z be (-30)/(-5)*2/l. Let s(a) = -a + 2. What is s(z)?
-1
Let f(n) = n - 5. Let t be f(6). Let w(d) = d + 3. Let m(p) = p + 5. Let q(j) = -4*m(j) + 7*w(j). Determine q(t).
4
Let t be (-2)/(((-24)/9)/4). Let u = t + 0. Let p(s) = -s**3 + 3*s**2 + 3*s - 2. Give p(u).
7
Let i(u) = -3*u + 1. Let t(n) = 10*n - 4. Let b(y) = -7*i(y) - 2*t(y). Let l be (3/9)/(2 - (-38)/(-18)). Calculate b(l).
-2
Suppose 38*y - 5 = 43*y. Let r(j) = j**3. Determine r(y).
-1
Let q(v) be the third derivative of v**5/60 - v**4/6 + v**3/6 - 2*v**2. Let j(t) be the first derivative of q(t). Give j(5).
6
Let g(x) = x**2 - 6*x - 1. Let p(c) = -4*c - 2. Let q be p(-2). What is g(q)?
-1
Let f = 3 + -1. Let c(w) = -85*w**2 + 3 + 4*w - 8*w + 86*w**f. Let u(l) = l**3 - 6*l**2 + 6*l - 2. Let b be u(5). Determine c(b).
0
Suppose -q = -4*q + 3*j - 9, 5*q = -3*j - 7. Let g(h) = -2*h**3 - h**2 + h + 1. Give g(q).
11
Let y be (-2 - -2)*(-4)/8. Let x(p) = p**3 - 3 + 3*p**2 + y*p - 6*p**2 + 2*p. Suppose -3*l = l - 12. What is x(l)?
3
Let n(t) = -4*t - 3. Let s(g) = g**2 - 15*g - 11. Let z(o) = -9*n(o) + 2*s(o). Determine z(-4).
13
Let n = -3 + 7. Let k(j) = 2 + 2*j**3 + 0*j - n*j**2 - 9*j + 10*j. Calculate k(2).
4
Let o(i) = 2*i - 3. Let j(t) = 9*t - 11. Let u(x) = 5*x - 6. Let q(n) = -4*j(n) + 7*u(n). Let z(p) = 3*o(p) + 4*q(p). Give z(3).
5
Suppose 4 - 1 = l. Suppose 5 = l*f - 1. Suppose 4*w - 18 - f = 0. Let r(q) = -q**2 + 4*q - 2. Give r(w).
-7
Let g be ((-4)/8)/(1/(-6)). Let x(u) = -6 + 4 - 1 - 4*u**2 - u**g. Calculate x(-4).
-3
Let j(t) = 0*t**3 + 21*t**2 + 5 + t + 3*t - t**3 - 17*t**2. Determine j(5).
0
Let z(i) be the first derivative of 1/4*i**4 + 3/2*i**2 + 3*i - 2 + i**3. Give z(-2).
1
Let l(v) = 5*v - 7. Let y be l(5). Suppose 0 = 3*u + 2*h - 0 - 1, 2*u - y = 3*h. Let r(w) = -1 - u*w**2 - 2*w**2 + 2*w**2 + 2. Calculate r(-1).
-2
Let w(g) = -g**3 + g**2 + g - 10. Suppose 0 = -3*r + 2*a, 9*r - 3*a = 4*r. Let d = r - 0. Give w(d).
-10
Let j be (0 + 3)/((-9)/6). Let r = -2 - j. Let l(v) = 3*v + v - 2 + r - v**2. What is l(2)?
2
Let t(h) = h**2 + h - 1. Suppose 0*w - 28 = 7*w. Give t(w).
11
Suppose i - 3*b = 15, 2*b + b + 24 = 4*i. Suppose 6*o - 5*o - 5*y - 20 = 0, -2*o + 13 = -y. Let v(n) = -2*n + n**2 + i*n + o*n. Give v(-5).
-5
Let z(c) be the first derivative of -c**4/4 - 7*c**3/3 - 7*c**2/2 + c - 2. What is z(-6)?
7
Suppose -2*p - 3 - 1 = -2*n, 3*n = -p - 2. Let j(o) = 3*o**3 - o. Let f be j(1). Let w(q) = -2 - f*q + 0 - q**2 + q. Give w(p).
-4
Let v(y) = 2*y + 4. Let w(d) = -3*d - 3. Let b(k) = k. Let x(l) = 2*b(l) + w(l). Let t(h) = -2*v(h) - 3*x(h). Let s be t(0). Let f(m) = 3*m + 1. Determine f(s).
4
Let r(y) = -y**